{"id":28169,"date":"2025-08-13T22:16:24","date_gmt":"2025-08-13T22:16:24","guid":{"rendered":"https:\/\/vincpazar.com\/?post_type=product&#038;p=28169"},"modified":"2025-08-13T22:16:24","modified_gmt":"2025-08-13T22:16:24","slug":"vinc-kaldirma-indirme-reduktorleri","status":"publish","type":"product","link":"https:\/\/vincpazar.com\/?product=vinc-kaldirma-indirme-reduktorleri","title":{"rendered":"Vin\u00e7 Kald\u0131rma-\u0130ndirme Red\u00fckt\u00f6rleri"},"content":{"rendered":"","protected":false},"excerpt":{"rendered":"","protected":false},"featured_media":28170,"comment_status":"open","ping_status":"closed","template":"","meta":[],"product_brand":[],"product_cat":[32],"product_tag":[],"class_list":{"0":"post-28169","1":"product","2":"type-product","3":"status-publish","4":"has-post-thumbnail","6":"product_cat-vinc-ekipmanlari","8":"first","9":"instock","10":"taxable","11":"shipping-taxable","12":"product-type-simple"},"_links":{"self":[{"href":"https:\/\/vincpazar.com\/index.php?rest_route=\/wp\/v2\/product\/28169","targetHints":{"allow":["GET"]}}],"collection":[{"href":"https:\/\/vincpazar.com\/index.php?rest_route=\/wp\/v2\/product"}],"about":[{"href":"https:\/\/vincpazar.com\/index.php?rest_route=\/wp\/v2\/types\/product"}],"replies":[{"embeddable":true,"href":"https:\/\/vincpazar.com\/index.php?rest_route=%2Fwp%2Fv2%2Fcomments&post=28169"}],"version-history":[{"count":1,"href":"https:\/\/vincpazar.com\/index.php?rest_route=\/wp\/v2\/product\/28169\/revisions"}],"predecessor-version":[{"id":28174,"href":"https:\/\/vincpazar.com\/index.php?rest_route=\/wp\/v2\/product\/28169\/revisions\/28174"}],"wp:featuredmedia":[{"embeddable":true,"href":"https:\/\/vincpazar.com\/index.php?rest_route=\/wp\/v2\/media\/28170"}],"wp:attachment":[{"href":"https:\/\/vincpazar.com\/index.php?rest_route=%2Fwp%2Fv2%2Fmedia&parent=28169"}],"wp:term":[{"taxonomy":"product_brand","embeddable":true,"href":"https:\/\/vincpazar.com\/index.php?rest_route=%2Fwp%2Fv2%2Fproduct_brand&post=28169"},{"taxonomy":"product_cat","embeddable":true,"href":"https:\/\/vincpazar.com\/index.php?rest_route=%2Fwp%2Fv2%2Fproduct_cat&post=28169"},{"taxonomy":"product_tag","embeddable":true,"href":"https:\/\/vincpazar.com\/index.php?rest_route=%2Fwp%2Fv2%2Fproduct_tag&post=28169"}],"curies":[{"name":"wp","href":"https:\/\/api.w.org\/{rel}","templated":true}]}}